e remainder when 53 is divided by b + (291/21 - i/(-21))?
9
Let i be 2*(-124 + (-10)/(-5) + -5). Let a = i + 289. What is the remainder when a is divided by 28?
7
Let z = -11488 - -11511. What is the remainder when z is divided by 1?
0
Suppose 0 = 34*i + 187 + 357. What is the remainder when 1/(24/i)*-3 is divided by 1?
0
Let y = -1994 - -2101. What is the remainder when 338 is divided by y?
17
Suppose -2*s + s = 4. Let q(p) = 3*p**2 + 2*p**2 - 59 + 52. What is the remainder when q(s) is divided by 26?
21
Suppose 4*j + 30 = 2*c, 54*c - 218 = 49*c - j. Let u = -11 - -34. Calculate the remainder when c is divided by u.
18
Suppose 4*a - w - 1905 = 0, -1458 = -3*a - 241*w + 245*w. Calculate the remainder when a is divided by 28.
26
Let d(s) = s**2 + 5*s - 2. Let x be d(5). What is the remainder when 20 is divided by (x/(-27))/((-12)/54)?
4
Let s = -3816 - -3928. What is the remainder when s is divided by 29?
25
Suppose -48*b + 915 = -15597. What is the remainder when b is divided by 93?
65
Let l(j) be the first derivative of -11*j**2/2 + 2*j + 104. Suppose 5*s + 28 = -4*u, -s + 3*u = -0*s - 2. Calculate the remainder when l(s) is divided by 12.
10
Let b = 6347 - 6324. What is the remainder when 895 is divided by b?
21
Let w = 16748 - 16347. Calculate the remainder when w is divided by 15.
11
Let l = -20937 + 21062. Calculate the remainder when l is divided by 77.
48
Let y(k) = k**3 - 18*k**2 + 52*k - 18. Calculate the remainder when 1130 is divided by y(15).
86
Let i be -1*(-1 + (0 - 1)). Suppose -2*a - i*a = -4. What is the remainder when -2 + 9 + -3 + 0/8 is divided by a?
0
Let o(g) = 2*g**3 - 2*g - 1. Let v be o(-1). Let u(h) = 35 + 15*h - 64*h - 39. What is the remainder when u(v) is divided by 10?
5
Let f(o) = 260*o**2 + 82*o + 38. What is the remainder when f(-4) is divided by 143?
9
Suppose -114 = -2*q - 4. Suppose q = 2*o + 7. Let b(v) = v**3 + 2*v**2 - v + 10. Calculate the remainder when o is divided by b(0).
4
Let o = 64 + -70. Let j(l) = -3*l**2 - 20*l. Suppose -3*y = -2*c + y + 96, 3*y = -2*c + 131. Calculate the remainder when c is divided by j(o).
10
Let d(r) = 67*r + 1073. Calculate the remainder when d(-14) is divided by 63.
9
Let d = 66 + -102. Let r = 30 - d. Calculate the remainder when r is divided by 19.
9
Let f be 72/15*(-190)/(-57). Let n be 2 + (-3 - -4)*103. Let c = n - f. Calculate the remainder when c is divided by 18.
17
Let j(s) = 3*s**3 + 104*s**2 - 261*s - 44. What is the remainder when 117 is divided by j(-37)?
27
Let w = -220 - 199. Let n = -412 - w. Calculate the remainder when 55 - (4/2 + 0) is divided by n.
4
Let x = 2445 + -2440. What is the remainder when 369 is divided by x?
4
Let d(y) = y + 8. Let j be d(-4). Suppose -v + 20 = j*v. Suppose 2*p = -4*r + 32 + 52, -2*r = v*p - 36. Calculate the remainder when 42 is divided by r.
20
Suppose -6 = -m - 0 + 14. What is the remainder when 477 is divided by m?
17
Suppose -30*g = -9*g + 7*g - 217644. Calculate the remainder when g is divided by 46.
45
Let l(u) = u**3 + 17*u**2 - 2*u - 30. Suppose -2*d = -5*t, 2*d = -2*t + 3*d + 1. Calculate the remainder when (9 + 2 - -3) + t is divided by l(-17).
0
Suppose -3*j - 124 = -3*s - j, 78 = 2*s + j. Suppose -4*c - 5*v = -0*c - 14, 5*v + s = 5*c. Calculate the remainder when 13 is divided by 16/c - (-3)/9.
1
Let s(p) be the first derivative of p**3 - 2*p**2 - 2*p - 18. Let c be s(2). Suppose 5*t - 82 = -c. Calculate the remainder when t is divided by 6.
4
Let z(q) = -q**3 - 15*q**2 - 18*q - 90. What is the remainder when z(-17) is divided by 8?
2
Let a(x) = 8*x**2 - 8*x + 28. Let u be a(3). Let l = 96 - u. Calculate the remainder when 117 is divided by l.
17
Let z be ((-1961)/212)/(1 + 21/(-20)). Suppose -z = g + 331. Calculate the remainder when (-8)/(-2) + g/(-6) is divided by 13.
12
Let q(s) = 8*s + 11. Let t(p) = -p**3 - 14*p**2 - 16*p + 7. What is the remainder when t(-13) is divided by q(1)?
8
Let r(j) be the second derivative of -j**5/5 + j**4/4 + 7*j**3/3 + 49*j**2/2 + 2*j + 24. Calculate the remainder when r(-3) is divided by 24.
22
Calculate the remainder when 11844/(-8)*(-4)/6 is divided by 23.
21
Suppose 0 = 3*d - p - 22, 25 = -2*d + 5*d - 4*p. Let a(y) = -d*y + 12 + 2*y**2 + y**2 - 3 + y**3. Calculate the remainder when 82 is divided by a(-4).
19
Suppose 124 + 331 = -7*s. Let d = 90 + s. What is the remainder when 121 is divided by d?
21
Let d = -28 - -35. Suppose -d*h = -0*h - 308. What is the remainder when h is divided by ((-12)/(-15))/(-1)*-20?
12
Suppose -2*q - 2920 = -10*q. Suppose q = 5*r + 120. What is the remainder when r is divided by 18?
13
Suppose 2*d - 15 = 7. Suppose 54 = -d*v - 1. What is the remainder when -2 - v/(8/7 - 1) is divided by 6?
3
Let x = -25 - -87. Suppose 6*g - 381 = -2*h + g, 2*h = 2*g + 360. What is the remainder when h is divided by x?
59
Let q = 385 - 208. Let d(j) = -4*j**3 - j**2 + 6*j - 4. What is the remainder when q is divided by d(-2)?
9
Let r(d) = -2*d**2 + 27*d + 47. What is the remainder when 127 is divided by r(10)?
10
Suppose 18 = 4*n - t + 8, t + 4 = 2*n. Let z(b) = -b**3 - 39*b**2 - 81*b - 1631. Calculate the remainder when z(-38) is divided by n.
0
Suppose 0 = -165*g + 3823 + 632. What is the remainder when 418 is divided by g?
13
Let h(j) = 5*j**3 - 43*j**2 - 42*j - 44. What is the remainder when h(10) is divided by 45?
11
Let y = -730 - -727. Calculate the remainder when ((-26)/(-9)*y)/((-64)/480) is divided by 24.
17
Let g(o) = o**3 - 21*o**2 + 94*o + 37. Calculate the remainder when 1237 is divided by g(7).
4
Let z(q) = -10*q**2 - 267*q + 148. Calculate the remainder when 690 is divided by z(-27).
20
Let i = -8983 + 9379. Calculate the remainder when i is divided by 128.
12
Suppose 69*p - 38 = 67*p - 3*i, 2*i = 4. Calculate the remainder when 2454 is divided by p.
6
Let m(i) = 2*i**2 + 78*i - 1961. What is the remainder when m(-63) is divided by 67?
58
Suppose -98 = -2*s - 94. Suppose 0 = 3*b + 2*a - 45, -s*b = -3*b - 3*a + 8. What is the remainder when b is divided by 10?
7
Suppose 0*x = x - 15. Let g be (-1660)/60 + (-2)/6. What is the remainder when (-14)/(-1)*((-228)/g - 5) is divided by x?
14
Let m(i) = 17*i**2 - 11*i - 9. What is the remainder when (87 - 2) + 0 + 3 is divided by m(-1)?
12
Let l(j) = 19*j - 38. Let c be l(9). Suppose -6*i + 11 = -c. What is the remainder when 90 is divided by i?
18
Let o = -203 - -305. Calculate the remainder when o is divided by 0 + 1/(-4) - 5112/(-96).
49
Suppose -4*s = 5*u - 23, -30*s = 4*u - 26*s - 20. Suppose 4*k - 40 = -b, -k = -4*b - u*k + 132. Calculate the remainder when b is divided by 9.
5
Let d = -1131 - -1534. What is the remainder when d is divided by 51?
46
Suppose -4*c - 3300 = -0*g - 4*g, -1656 = -2*g - c. Let f = -767 + g. Calculate the remainder when 111 is divided by f.
51
Let t(f) = f**2 - 18*f - 72. Let n be t(-10). Suppose 222*j - n*j - 1120 = 0. Calculate the remainder when j is divided by 44.
36
Let h be 0 + 10 + -7 - 1. Calculate the remainder when (-2)/12*-93*(h + 0) is divided by 21.
10
Suppose d + 0 = 13. What is the remainder when (783/36)/(d/(-8) - -2) is divided by 21?
16
Suppose 23 = -2*b - 5*w + 439, 5*b - 1063 = -w. Suppose b = -14*s + 731. Calculate the remainder when s is divided by 10.
7
Let x(r) = -5*r**3 - 21*r**2 - 5*r + 4. Let c be x(-4). Suppose -3*p + c*p = 315. Suppose 5*b = 52 + p. Calculate the remainder when 89 is divided by b.
20
Suppose 0 = -0*w - 5*w + 515. Let h = 603822 + -603781. What is the remainder when w is divided by h?
21
Let g(p) = 23*p**2 - 39*p + 141. What is the remainder when g(4) is divided by 59?
58
Suppose a + 3*a - 725 = -5*f, -3*f - a = -435. Let j(v) = -2*v**2 + 191*v + 133. Calculate the remainder when f is divided by j(96).
34
Suppose 0 = -13*c + 2 + 24. Suppose -2*w + 3*n = -20, -c*w - 5*n + 36 = -w. Suppose 5*a - 46 + w = 0. What is the remainder when 27 is divided by a?
3
Let z(x) = 48*x**3 - x**2 + 103*x - 201. Calculate the remainder when 797 is divided by z(2).
27
Suppose 3*o = 7*o - 8. Suppose 2*r - 2 = 5*y, -2*y - 1 = -3*r + o. Calculate the remainder when (712/(-32))/(r/(-4)) is divided by 15.
14
Suppose -2*n - 3*z - 50 = -5*z, 5*z = n + 41. Let o(r) = -r**2 - 25*r - 67. What is the remainder when 52 is divided by o(n)?
1
Let d = 11692 -